{"id":8,"date":"2012-09-28T16:08:47","date_gmt":"2012-09-28T16:08:47","guid":{"rendered":"http:\/\/unicus.se\/?page_id=8"},"modified":"2025-12-08T23:01:50","modified_gmt":"2025-12-08T23:01:50","slug":"valkommen-till-unic-ab","status":"publish","type":"page","link":"https:\/\/unicus.se\/","title":{"rendered":""},"content":{"rendered":"<p><a href=\"http:\/\/unicus.se\/wp-content\/uploads\/2025\/12\/Unic-2025.png\"><img loading=\"lazy\" decoding=\"async\" class=\"alignnone wp-image-1647\" src=\"http:\/\/unicus.se\/wp-content\/uploads\/2025\/12\/Unic-2025.png\" alt=\"\" width=\"633\" height=\"929\" srcset=\"https:\/\/unicus.se\/wp-content\/uploads\/2025\/12\/Unic-2025.png 1087w, https:\/\/unicus.se\/wp-content\/uploads\/2025\/12\/Unic-2025-204x300.png 204w, https:\/\/unicus.se\/wp-content\/uploads\/2025\/12\/Unic-2025-698x1024.png 698w, https:\/\/unicus.se\/wp-content\/uploads\/2025\/12\/Unic-2025-768x1127.png 768w, https:\/\/unicus.se\/wp-content\/uploads\/2025\/12\/Unic-2025-1047x1536.png 1047w\" sizes=\"auto, (max-width: 633px) 100vw, 633px\" \/><\/a><img loading=\"lazy\" decoding=\"async\" class=\"alignnone wp-image-965\" src=\"http:\/\/unicus.se\/wp-content\/uploads\/2012\/09\/forstasid-1024x753.jpg\" alt=\"\" width=\"633\" height=\"468\" \/><\/p>\n<hr \/>\n<h1><strong>Sekventiell 6-v\u00e4xlad v\u00e4xell\u00e5da f\u00f6r <em>bakhjulsdrift<\/em> \u2013 Rally, Rallycross, Racing<\/strong><\/h1>\n<p><a href=\"http:\/\/unicus.se\/wp-content\/uploads\/2022\/10\/Unic-RWD-6-72ppi.jpg\"><img loading=\"lazy\" decoding=\"async\" class=\"alignnone size-large wp-image-1562\" src=\"http:\/\/unicus.se\/wp-content\/uploads\/2022\/10\/Unic-RWD-6-72ppi-1024x855.jpg\" alt=\"\" width=\"530\" height=\"443\" srcset=\"https:\/\/unicus.se\/wp-content\/uploads\/2022\/10\/Unic-RWD-6-72ppi-1024x855.jpg 1024w, https:\/\/unicus.se\/wp-content\/uploads\/2022\/10\/Unic-RWD-6-72ppi-300x251.jpg 300w, https:\/\/unicus.se\/wp-content\/uploads\/2022\/10\/Unic-RWD-6-72ppi-768x642.jpg 768w, https:\/\/unicus.se\/wp-content\/uploads\/2022\/10\/Unic-RWD-6-72ppi-1536x1283.jpg 1536w, https:\/\/unicus.se\/wp-content\/uploads\/2022\/10\/Unic-RWD-6-72ppi-2048x1711.jpg 2048w\" sizes=\"auto, (max-width: 530px) 100vw, 530px\" \/><\/a><br \/>\nF\u00f6r mer information <a href=\"https:\/\/unicus.se\/?page_id=377\" target=\"_blank\" rel=\"noopener\">klicka h\u00e4r<\/a><\/p>\n<p><span style=\"color: #ff0000;\"><strong>Vikt 19.5kg!\u00a0<\/strong><\/span><\/p>\n<hr \/>\n<h1><strong>Sekventiell 6-v\u00e4xlad v\u00e4xell\u00e5da f\u00f6r <em>framhjulsdrift<\/em> \u2013 Rally, Rallycross, Racing<\/strong><\/h1>\n<h5 style=\"text-align: left;\"><strong>\u00a0<\/strong><\/h5>\n<h5><a href=\"http:\/\/unicus.se\/wp-content\/uploads\/2022\/01\/Unic-FWD-6-compl-5-72-dpi.jpg\"><img loading=\"lazy\" decoding=\"async\" class=\"alignnone wp-image-1431 size-large\" src=\"http:\/\/unicus.se\/wp-content\/uploads\/2022\/01\/Unic-FWD-6-compl-5-72-dpi-1024x683.jpg\" alt=\"\" width=\"530\" height=\"354\" srcset=\"https:\/\/unicus.se\/wp-content\/uploads\/2022\/01\/Unic-FWD-6-compl-5-72-dpi-1024x683.jpg 1024w, https:\/\/unicus.se\/wp-content\/uploads\/2022\/01\/Unic-FWD-6-compl-5-72-dpi-300x200.jpg 300w, https:\/\/unicus.se\/wp-content\/uploads\/2022\/01\/Unic-FWD-6-compl-5-72-dpi-768x512.jpg 768w, https:\/\/unicus.se\/wp-content\/uploads\/2022\/01\/Unic-FWD-6-compl-5-72-dpi-1536x1024.jpg 1536w, https:\/\/unicus.se\/wp-content\/uploads\/2022\/01\/Unic-FWD-6-compl-5-72-dpi.jpg 1701w\" sizes=\"auto, (max-width: 530px) 100vw, 530px\" \/><\/a><\/h5>\n<p>F\u00f6r mer information <a href=\"https:\/\/unicus.se\/?page_id=1424\" target=\"_blank\" rel=\"noopener\">klicka h\u00e4r<\/a><\/p>\n<hr \/>\n<h3><strong><span style=\"color: #ff0000;\"><span style=\"color: #000000;\">Tv\u00e5 nya utv\u00e4xlingsalternativ f\u00f6r sekventiell 5-v\u00e4xlad in-line v\u00e4xell\u00e5da!<\/span><\/span><\/strong><\/h3>\n<p><img loading=\"lazy\" decoding=\"async\" class=\"alignnone wp-image-1615 size-medium\" src=\"http:\/\/unicus.se\/wp-content\/uploads\/2023\/03\/RWD-5-x2-72dpi-300x200.jpg\" alt=\"\" width=\"300\" height=\"200\" srcset=\"https:\/\/unicus.se\/wp-content\/uploads\/2023\/03\/RWD-5-x2-72dpi-300x200.jpg 300w, https:\/\/unicus.se\/wp-content\/uploads\/2023\/03\/RWD-5-x2-72dpi-1024x683.jpg 1024w, https:\/\/unicus.se\/wp-content\/uploads\/2023\/03\/RWD-5-x2-72dpi-768x512.jpg 768w, https:\/\/unicus.se\/wp-content\/uploads\/2023\/03\/RWD-5-x2-72dpi-1536x1024.jpg 1536w, https:\/\/unicus.se\/wp-content\/uploads\/2023\/03\/RWD-5-x2-72dpi.jpg 1701w\" sizes=\"auto, (max-width: 300px) 100vw, 300px\" \/><br \/>\nF\u00f6r mer info\u00a0 <a href=\"http:\/\/unicus.se\/?page_id=377\" target=\"_blank\" rel=\"noopener\">klicka h\u00e4r<\/a><\/p>\n<hr \/>\n<p>&nbsp;<\/p>\n<p><a href=\"http:\/\/unicus.se\/wp-content\/uploads\/2012\/09\/Release.jpg\"><img loading=\"lazy\" decoding=\"async\" class=\"wp-image-868 alignleft\" src=\"http:\/\/unicus.se\/wp-content\/uploads\/2012\/09\/Release.jpg\" alt=\"\" width=\"306\" height=\"208\" \/><\/a><\/p>\n<p>&nbsp;<\/p>\n<p><strong>Release koppling<\/strong><\/p>\n<p>F\u00f6r mer info:\u00a0 <a href=\"https:\/\/unicus.se\/?page_id=226&amp;lang=sv\" target=\"_blank\" rel=\"noopener\">klicka h\u00e4r<\/a>\u00a0 och scrolla ner<\/p>\n<p><a href=\"http:\/\/unicus.se\/wp-content\/uploads\/2012\/09\/Release-clutch-Hydraulic-control.jpg\"><br \/>\n<img loading=\"lazy\" decoding=\"async\" class=\"wp-image-867 alignleft\" src=\"http:\/\/unicus.se\/wp-content\/uploads\/2012\/09\/Release-clutch-Hydraulic-control.jpg\" alt=\"\" width=\"308\" height=\"208\" \/><\/a><\/p>\n<p>&nbsp;<\/p>\n<p><strong>Hydraulisk kontroll for Release<\/strong><\/p>\n<p>F\u00f6r mer info:\u00a0 <a href=\"https:\/\/unicus.se\/?page_id=226&amp;lang=sv\" target=\"_blank\" rel=\"noopener\">klicka h\u00e4r<\/a>\u00a0 och scrolla ner<\/p>\n<p>&nbsp;<\/p>\n<p>&nbsp;<\/p>\n<p>&nbsp;<\/p>\n<hr \/>\n<p><strong>V\u00e4lkommen att ta en n\u00e4rmare titt p\u00e5 vad vi erbjuder under &#8221;Produkter&#8221; i menyn.<\/strong><\/p>","protected":false},"excerpt":{"rendered":"<p>Sekventiell 6-v\u00e4xlad v\u00e4xell\u00e5da f\u00f6r bakhjulsdrift \u2013 Rally, Rallycross, Racing F\u00f6r mer information klicka h\u00e4r Vikt 19.5kg!\u00a0 Sekventiell 6-v\u00e4xlad v\u00e4xell\u00e5da f\u00f6r framhjulsdrift \u2013 Rally, Rallycross, Racing \u00a0 F\u00f6r mer information klicka h\u00e4r Tv\u00e5 nya utv\u00e4xlingsalternativ f\u00f6r sekventiell 5-v\u00e4xlad in-line v\u00e4xell\u00e5da! F\u00f6r <a class=\"more-link\" href=\"https:\/\/unicus.se\/\">Forts\u00e4tt l\u00e4sa <span class=\"screen-reader-text\">  <\/span><span class=\"meta-nav\">&rarr;<\/span><\/a><\/p>\n","protected":false},"author":1,"featured_media":0,"parent":0,"menu_order":0,"comment_status":"closed","ping_status":"closed","template":"","meta":{"footnotes":""},"class_list":["post-8","page","type-page","status-publish","hentry"],"_links":{"self":[{"href":"https:\/\/unicus.se\/index.php?rest_route=\/wp\/v2\/pages\/8","targetHints":{"allow":["GET"]}}],"collection":[{"href":"https:\/\/unicus.se\/index.php?rest_route=\/wp\/v2\/pages"}],"about":[{"href":"https:\/\/unicus.se\/index.php?rest_route=\/wp\/v2\/types\/page"}],"author":[{"embeddable":true,"href":"https:\/\/unicus.se\/index.php?rest_route=\/wp\/v2\/users\/1"}],"replies":[{"embeddable":true,"href":"https:\/\/unicus.se\/index.php?rest_route=%2Fwp%2Fv2%2Fcomments&post=8"}],"version-history":[{"count":142,"href":"https:\/\/unicus.se\/index.php?rest_route=\/wp\/v2\/pages\/8\/revisions"}],"predecessor-version":[{"id":1651,"href":"https:\/\/unicus.se\/index.php?rest_route=\/wp\/v2\/pages\/8\/revisions\/1651"}],"wp:attachment":[{"href":"https:\/\/unicus.se\/index.php?rest_route=%2Fwp%2Fv2%2Fmedia&parent=8"}],"curies":[{"name":"wp","href":"https:\/\/api.w.org\/{rel}","templated":true}]}}